{"id":3836,"date":"2019-04-02T08:16:03","date_gmt":"2019-04-02T08:16:03","guid":{"rendered":"http:\/\/www.vigiasdelmediterraneo.com\/vdm\/?page_id=3836"},"modified":"2019-04-02T08:21:25","modified_gmt":"2019-04-02T08:21:25","slug":"vida-en-las-galeras","status":"publish","type":"page","link":"http:\/\/www.vigiasdelmediterraneo.com\/vdm\/vida-en-las-galeras\/","title":{"rendered":"Vida en las Galeras"},"content":{"rendered":"<div class=\"tx-row \">\n<div class=\"tx-column tx-column-size-1-2\">\n<p>Cuando las acciones berberiscas fueron aumentando en n\u00famero y osad\u00eda, Felipe II se convenci\u00f3 de que era necesario una flota muy superior a la turca para establecer el dominio en el Mediterr\u00e1neo e inici\u00f3 la construcci\u00f3n de una flota de galeras que en 1570 alcanzo un total de unas 150.<br \/>\nPara dotar a esta flotadel gran n\u00famero de remeros necesarios, se recurri\u00f3 a los abarrotados presidios y as\u00ed naci\u00f3 la Pena de Galeras en Espa\u00f1a.<br \/>\nCualquier ciudadano que fuese descubierto en hurto o robo, era condenado a galeras, de esta forma, la gran mayor\u00eda de galeotesde la flota real eran simples rateros y timadores.<\/p>\n<p>&nbsp;<\/p>\n<p><a href=\"http:\/\/www.vigiasdelmediterraneo.com\/vdm\/wp-content\/uploads\/2019\/04\/Galeote2.jpg\"><img decoding=\"async\" loading=\"lazy\" class=\"aligncenter size-large wp-image-3840\" src=\"http:\/\/www.vigiasdelmediterraneo.com\/vdm\/wp-content\/uploads\/2019\/04\/Galeote2-1024x758.jpg\" alt=\"\" width=\"604\" height=\"447\" srcset=\"http:\/\/www.vigiasdelmediterraneo.com\/vdm\/wp-content\/uploads\/2019\/04\/Galeote2-1024x758.jpg 1024w, http:\/\/www.vigiasdelmediterraneo.com\/vdm\/wp-content\/uploads\/2019\/04\/Galeote2-300x222.jpg 300w, http:\/\/www.vigiasdelmediterraneo.com\/vdm\/wp-content\/uploads\/2019\/04\/Galeote2-768x568.jpg 768w\" sizes=\"(max-width: 604px) 100vw, 604px\" \/><\/a><\/p>\n<p>&nbsp;<\/p>\n<p>Con el tiempo aument\u00f3 la necesidad de galeotes, en consecuencia, se ampli\u00f3 la pena a remo forzado a blasfemos, desertores, huidos de prisi\u00f3n, vagabundos, gitanos, ad\u00falteros, alcahuetes\u2026<br \/>\nLa condena a galeras se consideraba un escarnio p\u00fablico, por lo que no pod\u00eda generalizarse a todas las clases sociales. Gozaban de un indudabletrato de favor dignatarios, nobles o hidalgos venidos a menos.<\/p>\n<p>&nbsp;<\/p>\n<p><a href=\"http:\/\/www.vigiasdelmediterraneo.com\/vdm\/wp-content\/uploads\/2019\/04\/Galeote.jpg\"><img decoding=\"async\" loading=\"lazy\" class=\"aligncenter size-large wp-image-3839\" src=\"http:\/\/www.vigiasdelmediterraneo.com\/vdm\/wp-content\/uploads\/2019\/04\/Galeote-713x1024.jpg\" alt=\"\" width=\"604\" height=\"867\" srcset=\"http:\/\/www.vigiasdelmediterraneo.com\/vdm\/wp-content\/uploads\/2019\/04\/Galeote-713x1024.jpg 713w, http:\/\/www.vigiasdelmediterraneo.com\/vdm\/wp-content\/uploads\/2019\/04\/Galeote-209x300.jpg 209w, http:\/\/www.vigiasdelmediterraneo.com\/vdm\/wp-content\/uploads\/2019\/04\/Galeote-768x1103.jpg 768w, http:\/\/www.vigiasdelmediterraneo.com\/vdm\/wp-content\/uploads\/2019\/04\/Galeote.jpg 1063w\" sizes=\"(max-width: 604px) 100vw, 604px\" \/><\/a><br \/>\nLas cadenas de galeotes llegaban a puerto, despu\u00e9s de semanas de viaje a pie, y eran conducidos directamente hasta la c\u00e1rcel de la ciudad en espera del embarque.<br \/>\nEra tanta la necesidad de conseguir remeros para la flota que entre los galeotes se pod\u00edan encontrar condenados de m\u00e1s de 70 a\u00f1os,y se tiene constancia de alguno que alcanz\u00f3 casi el centenar. En el extremo opuesto aparecen ni\u00f1os de apenas 14 a\u00f1os.<br \/>\nCada galera precisaba de entre150 y 300 galeotes, la chusma, que viv\u00edan en la embarcaci\u00f3n hacinados entre la inmundicia, expuestos de continuo a la humedad, el fr\u00edo y las enfermedades. En estos infiernos flotantes, una condena superior a 6 a\u00f1os era equivalente a la sentencia de muerte.<\/p>\n<p>La battaglia di Lepanto di Antonio Brugada (XIX secolo).<\/p>\n<\/div>\n<div class=\"tx-column tx-column-size-1-2\">\n<p><a href=\"http:\/\/www.vigiasdelmediterraneo.com\/vdm\/wp-content\/uploads\/2019\/04\/Galeote3.jpg\"><img decoding=\"async\" loading=\"lazy\" class=\"aligncenter size-large wp-image-3841\" src=\"http:\/\/www.vigiasdelmediterraneo.com\/vdm\/wp-content\/uploads\/2019\/04\/Galeote3-839x1024.jpg\" alt=\"\" width=\"604\" height=\"737\" srcset=\"http:\/\/www.vigiasdelmediterraneo.com\/vdm\/wp-content\/uploads\/2019\/04\/Galeote3-839x1024.jpg 839w, http:\/\/www.vigiasdelmediterraneo.com\/vdm\/wp-content\/uploads\/2019\/04\/Galeote3-246x300.jpg 246w, http:\/\/www.vigiasdelmediterraneo.com\/vdm\/wp-content\/uploads\/2019\/04\/Galeote3-768x938.jpg 768w, http:\/\/www.vigiasdelmediterraneo.com\/vdm\/wp-content\/uploads\/2019\/04\/Galeote3.jpg 1249w\" sizes=\"(max-width: 604px) 100vw, 604px\" \/><\/a><\/p>\n<p>&nbsp;<\/p>\n<p><a href=\"http:\/\/www.vigiasdelmediterraneo.com\/vdm\/wp-content\/uploads\/2019\/04\/Galeote4.jpg\"><img decoding=\"async\" loading=\"lazy\" class=\"aligncenter size-large wp-image-3842\" src=\"http:\/\/www.vigiasdelmediterraneo.com\/vdm\/wp-content\/uploads\/2019\/04\/Galeote4-1024x682.jpg\" alt=\"\" width=\"604\" height=\"402\" srcset=\"http:\/\/www.vigiasdelmediterraneo.com\/vdm\/wp-content\/uploads\/2019\/04\/Galeote4-1024x682.jpg 1024w, http:\/\/www.vigiasdelmediterraneo.com\/vdm\/wp-content\/uploads\/2019\/04\/Galeote4-300x200.jpg 300w, http:\/\/www.vigiasdelmediterraneo.com\/vdm\/wp-content\/uploads\/2019\/04\/Galeote4-768x512.jpg 768w\" sizes=\"(max-width: 604px) 100vw, 604px\" \/><\/a><\/p>\n<p>&nbsp;<\/p>\n<p><a href=\"http:\/\/www.vigiasdelmediterraneo.com\/vdm\/wp-content\/uploads\/2019\/04\/Grilletes.jpg\"><img decoding=\"async\" loading=\"lazy\" class=\"aligncenter size-large wp-image-3843\" src=\"http:\/\/www.vigiasdelmediterraneo.com\/vdm\/wp-content\/uploads\/2019\/04\/Grilletes-1024x659.jpg\" alt=\"\" width=\"604\" height=\"389\" srcset=\"http:\/\/www.vigiasdelmediterraneo.com\/vdm\/wp-content\/uploads\/2019\/04\/Grilletes-1024x659.jpg 1024w, http:\/\/www.vigiasdelmediterraneo.com\/vdm\/wp-content\/uploads\/2019\/04\/Grilletes-300x193.jpg 300w, http:\/\/www.vigiasdelmediterraneo.com\/vdm\/wp-content\/uploads\/2019\/04\/Grilletes-768x494.jpg 768w\" sizes=\"(max-width: 604px) 100vw, 604px\" \/><\/a><\/p>\n<\/div>\n<\/div>\n","protected":false},"excerpt":{"rendered":"","protected":false},"author":1,"featured_media":0,"parent":0,"menu_order":0,"comment_status":"closed","ping_status":"closed","template":"","meta":{"footnotes":""},"categories":[],"tags":[],"_links":{"self":[{"href":"http:\/\/www.vigiasdelmediterraneo.com\/vdm\/wp-json\/wp\/v2\/pages\/3836"}],"collection":[{"href":"http:\/\/www.vigiasdelmediterraneo.com\/vdm\/wp-json\/wp\/v2\/pages"}],"about":[{"href":"http:\/\/www.vigiasdelmediterraneo.com\/vdm\/wp-json\/wp\/v2\/types\/page"}],"author":[{"embeddable":true,"href":"http:\/\/www.vigiasdelmediterraneo.com\/vdm\/wp-json\/wp\/v2\/users\/1"}],"replies":[{"embeddable":true,"href":"http:\/\/www.vigiasdelmediterraneo.com\/vdm\/wp-json\/wp\/v2\/comments?post=3836"}],"version-history":[{"count":4,"href":"http:\/\/www.vigiasdelmediterraneo.com\/vdm\/wp-json\/wp\/v2\/pages\/3836\/revisions"}],"predecessor-version":[{"id":3845,"href":"http:\/\/www.vigiasdelmediterraneo.com\/vdm\/wp-json\/wp\/v2\/pages\/3836\/revisions\/3845"}],"wp:attachment":[{"href":"http:\/\/www.vigiasdelmediterraneo.com\/vdm\/wp-json\/wp\/v2\/media?parent=3836"}],"wp:term":[{"taxonomy":"category","embeddable":true,"href":"http:\/\/www.vigiasdelmediterraneo.com\/vdm\/wp-json\/wp\/v2\/categories?post=3836"},{"taxonomy":"post_tag","embeddable":true,"href":"http:\/\/www.vigiasdelmediterraneo.com\/vdm\/wp-json\/wp\/v2\/tags?post=3836"}],"curies":[{"name":"wp","href":"https:\/\/api.w.org\/{rel}","templated":true}]}}

<div class="tx-row ">
<div class="tx-column tx-column-size-1-2">
<p>Cuando las acciones berberiscas fueron aumentando en número y osadía, Felipe II se convenció de que era necesario una flota muy superior a la turca para establecer el dominio en el Mediterráneo e inició la construcción de una flota de galeras que en 1570 alcanzo un total de unas 150.<br />
Para dotar a esta flotadel gran número de remeros necesarios, se recurrió a los abarrotados presidios y así nació la Pena de Galeras en España.<br />
Cualquier ciudadano que fuese descubierto en hurto o robo, era condenado a galeras, de esta forma, la gran mayoría de galeotesde la flota real eran simples rateros y timadores.</p>
<p>&nbsp;</p>
<p><a href="http://www.vigiasdelmediterraneo.com/vdm/wp-content/uploads/2019/04/Galeote2.jpg"><img decoding="async" loading="lazy" class="aligncenter size-large wp-image-3840" src="http://www.vigiasdelmediterraneo.com/vdm/wp-content/uploads/2019/04/Galeote2-1024x758.jpg" alt="" width="604" height="447" srcset="http://www.vigiasdelmediterraneo.com/vdm/wp-content/uploads/2019/04/Galeote2-1024x758.jpg 1024w, http://www.vigiasdelmediterraneo.com/vdm/wp-content/uploads/2019/04/Galeote2-300x222.jpg 300w, http://www.vigiasdelmediterraneo.com/vdm/wp-content/uploads/2019/04/Galeote2-768x568.jpg 768w" sizes="(max-width: 604px) 100vw, 604px" /></a></p>
<p>&nbsp;</p>
<p>Con el tiempo aumentó la necesidad de galeotes, en consecuencia, se amplió la pena a remo forzado a blasfemos, desertores, huidos de prisión, vagabundos, gitanos, adúlteros, alcahuetes…<br />
La condena a galeras se consideraba un escarnio público, por lo que no podía generalizarse a todas las clases sociales. Gozaban de un indudabletrato de favor dignatarios, nobles o hidalgos venidos a menos.</p>
<p>&nbsp;</p>
<p><a href="http://www.vigiasdelmediterraneo.com/vdm/wp-content/uploads/2019/04/Galeote.jpg"><img decoding="async" loading="lazy" class="aligncenter size-large wp-image-3839" src="http://www.vigiasdelmediterraneo.com/vdm/wp-content/uploads/2019/04/Galeote-713x1024.jpg" alt="" width="604" height="867" srcset="http://www.vigiasdelmediterraneo.com/vdm/wp-content/uploads/2019/04/Galeote-713x1024.jpg 713w, http://www.vigiasdelmediterraneo.com/vdm/wp-content/uploads/2019/04/Galeote-209x300.jpg 209w, http://www.vigiasdelmediterraneo.com/vdm/wp-content/uploads/2019/04/Galeote-768x1103.jpg 768w, http://www.vigiasdelmediterraneo.com/vdm/wp-content/uploads/2019/04/Galeote.jpg 1063w" sizes="(max-width: 604px) 100vw, 604px" /></a><br />
Las cadenas de galeotes llegaban a puerto, después de semanas de viaje a pie, y eran conducidos directamente hasta la cárcel de la ciudad en espera del embarque.<br />
Era tanta la necesidad de conseguir remeros para la flota que entre los galeotes se podían encontrar condenados de más de 70 años,y se tiene constancia de alguno que alcanzó casi el centenar. En el extremo opuesto aparecen niños de apenas 14 años.<br />
Cada galera precisaba de entre150 y 300 galeotes, la chusma, que vivían en la embarcación hacinados entre la inmundicia, expuestos de continuo a la humedad, el frío y las enfermedades. En estos infiernos flotantes, una condena superior a 6 años era equivalente a la sentencia de muerte.</p>
<p>La battaglia di Lepanto di Antonio Brugada (XIX secolo).</p>
</div>
<div class="tx-column tx-column-size-1-2">
<p><a href="http://www.vigiasdelmediterraneo.com/vdm/wp-content/uploads/2019/04/Galeote3.jpg"><img decoding="async" loading="lazy" class="aligncenter size-large wp-image-3841" src="http://www.vigiasdelmediterraneo.com/vdm/wp-content/uploads/2019/04/Galeote3-839x1024.jpg" alt="" width="604" height="737" srcset="http://www.vigiasdelmediterraneo.com/vdm/wp-content/uploads/2019/04/Galeote3-839x1024.jpg 839w, http://www.vigiasdelmediterraneo.com/vdm/wp-content/uploads/2019/04/Galeote3-246x300.jpg 246w, http://www.vigiasdelmediterraneo.com/vdm/wp-content/uploads/2019/04/Galeote3-768x938.jpg 768w, http://www.vigiasdelmediterraneo.com/vdm/wp-content/uploads/2019/04/Galeote3.jpg 1249w" sizes="(max-width: 604px) 100vw, 604px" /></a></p>
<p>&nbsp;</p>
<p><a href="http://www.vigiasdelmediterraneo.com/vdm/wp-content/uploads/2019/04/Galeote4.jpg"><img decoding="async" loading="lazy" class="aligncenter size-large wp-image-3842" src="http://www.vigiasdelmediterraneo.com/vdm/wp-content/uploads/2019/04/Galeote4-1024x682.jpg" alt="" width="604" height="402" srcset="http://www.vigiasdelmediterraneo.com/vdm/wp-content/uploads/2019/04/Galeote4-1024x682.jpg 1024w, http://www.vigiasdelmediterraneo.com/vdm/wp-content/uploads/2019/04/Galeote4-300x200.jpg 300w, http://www.vigiasdelmediterraneo.com/vdm/wp-content/uploads/2019/04/Galeote4-768x512.jpg 768w" sizes="(max-width: 604px) 100vw, 604px" /></a></p>
<p>&nbsp;</p>
<p><a href="http://www.vigiasdelmediterraneo.com/vdm/wp-content/uploads/2019/04/Grilletes.jpg"><img decoding="async" loading="lazy" class="aligncenter size-large wp-image-3843" src="http://www.vigiasdelmediterraneo.com/vdm/wp-content/uploads/2019/04/Grilletes-1024x659.jpg" alt="" width="604" height="389" srcset="http://www.vigiasdelmediterraneo.com/vdm/wp-content/uploads/2019/04/Grilletes-1024x659.jpg 1024w, http://www.vigiasdelmediterraneo.com/vdm/wp-content/uploads/2019/04/Grilletes-300x193.jpg 300w, http://www.vigiasdelmediterraneo.com/vdm/wp-content/uploads/2019/04/Grilletes-768x494.jpg 768w" sizes="(max-width: 604px) 100vw, 604px" /></a></p>
</div>
</div>
